{"id":2982,"date":"2018-06-29T10:17:00","date_gmt":"2018-06-29T08:17:00","guid":{"rendered":"https:\/\/www.arden-plast.com\/entreprise\/"},"modified":"2021-06-28T09:54:55","modified_gmt":"2021-06-28T07:54:55","slug":"das-unternehmen","status":"publish","type":"page","link":"https:\/\/www.arden-plast.com\/de\/das-unternehmen\/","title":{"rendered":"Das Unternehmen"},"content":{"rendered":"<p>[vc_row full_width=&#8220;stretch_row_content_no_spaces&#8220; css=&#8220;.vc_custom_1539599869414{background-image: url(https:\/\/www.arden-plast.com\/wp-content\/uploads\/2018\/10\/Arden-Plast-qualit\u00e9-basse-3990.jpg?id=2340) !important;background-position: center !important;background-repeat: no-repeat !important;background-size: cover !important;}&#8220;][vc_column el_class=&#8220;pt-0&#8243;][vc_column_text el_class=&#8220;pt-5 pb-5 mt-5 mb-5 ml-auto mr-auto container blue-filter heavy&#8220; css=&#8220;.vc_custom_1624866892107{margin-top: 10rem !important;margin-bottom: 10rem !important;}&#8220;]<\/p>\n<h2><span style=\"color: #ffffff;\">Arden Plast \u2013 30 Jahre Erfahrung in <span style=\"color: #ffc000;\">nachhaltigen spezifischen Schutz und Verpackungsl\u00f6sungen<\/span><\/span><\/h2>\n<p>[\/vc_column_text][\/vc_column][\/vc_row][vc_row][vc_column][vc_row_inner equal_height=&#8220;yes&#8220; content_placement=&#8220;top&#8220;][vc_column_inner width=&#8220;1\/2&#8243;][vc_column_text]<strong>Arden Plast<\/strong>\u00a0wurde 1986 in Mouzon (Ardennes), der Wiege der Filzindustrie und der Sommer-Fabriken, gegr\u00fcndet.<\/p>\n<p>Was uns auszeichnet: spezifische Verpackungs- und Schutzl\u00f6sungen in kleiner und mitterer Serie dank unserer Beherrschung der Extrusion und Umformung von Polypropylen-Hohlkammerplatten (HKP).\u00a0 Wir stellen\u00a0 \u00a0auf der Verpackungsmesse in Paris Villepinte (All4Pack) ohne Unterbrechung aus &#8230; seit 1990.<\/p>\n<p>Wir investieren unaufh\u00f6rlich, um immer \u00fcber ein <strong>Spitzen-Industriewerkzeug<\/strong> zu verf\u00fcgen, bei jeder unserer Technologien und hinsichtlich der Wiederaufbereitung. Die letzte Erweiterung erstreckte sich auf die in 10.200 m\u00b2 gebaute Oberfl\u00e4che.<\/p>\n<p>Als Experte f\u00fcr Extrusion und Umfortung von Polypropylen-Hohlkammerplatten erm\u00f6glicht ihm sein nachhaltiges Wachstum, seine Kunden an sich zu binden.<\/p>\n<p>Unsere Organisation, unser Wille zum st\u00e4ndigen Fortschritt, die Einbeziehung unserer Mitarbeiter erm\u00f6glichen uns, die <strong>Wendigkeit<\/strong>, <strong>Reaktionsf\u00e4higkeit\u00a0<\/strong>und\u00a0den\u00a0<strong>hohen Dienstleistungsgrad<\/strong> aufrechtzuerhalten, die die Treue unserer Kunden und unserer st\u00e4ndiges Wachstum erkl\u00e4ren.<\/p>\n<p>Wir sind nach ISO 9001 V. 2015 zertifiziert und z\u00e4hlen zu unseren Direktkunden so unterschiedliche Gruppen wie <strong>PSA\/Opel, Renault\/Nissan, Toyota, Valeo, Robert Bosch<\/strong> im Automobilbereich, <strong>GlaxoSmithKline<\/strong> in der Pharmazie, <strong>L&#8217;Or\u00e9al<\/strong> in der Kosmetik, <strong>ArcelorMittal<\/strong> in der Metallverarbeitung sowie zahlreiche kleine und mittlere Unternehmen, die Experten auf ihrem Gebiet sind.<\/p>\n<p>Mit seinen Archivierungsprodukten hat Arden Plast auch die Ehre, Kultur- und Verwaltungseinrichtungen wie die <strong>franz\u00f6sische Nationalbibliothek und Nationalarchive<\/strong>, <strong>das Rathaus von Paris<\/strong>, zahlreiche D\u00e9partementsarchive und Museen auszustatten. War ArdenPlast im Jahre 2017 <strong>M\u00e4zen des europ\u00e4ischen Kolloquiums EPICO<\/strong>, das vom <strong>Schloss Versailles<\/strong> organisiert wird.[\/vc_column_text][\/vc_column_inner][vc_column_inner width=&#8220;1\/2&#8243;][vc_column_text el_class=&#8220;max-150-cs&#8220;]<\/p>\n<div style=\"display: flex; align-items: center;\"><img loading=\"lazy\" decoding=\"async\" class=\"alignleft wp-image-3310 size-medium\" src=\"https:\/\/www.arden-plast.com\/wp-content\/uploads\/2021\/06\/logo-l-Europe-sengage-en-Champagne-Ardenne.jpg\" alt=\"\" width=\"300\" height=\"210\" \/><span style=\"text-transform: none; font-style: italic; color: #313f95; line-height: 1.25rem;\">Beitrag von 200 K \u20ac zu unserer Extrusionslinie der letzten Generation<\/span><\/div>\n<p>[\/vc_column_text][vc_single_image image=&#8220;2337&#8243; img_size=&#8220;medium&#8220; alignment=&#8220;center&#8220; style=&#8220;vc_box_outline&#8220; border_color=&#8220;orange&#8220;][\/vc_column_inner][\/vc_row_inner][\/vc_column][\/vc_row][vc_row][vc_column][\/vc_column][\/vc_row]<\/p>\n","protected":false},"excerpt":{"rendered":"<p>[vc_row full_width=&#8220;stretch_row_content_no_spaces&#8220; css=&#8220;.vc_custom_1539599869414{background-image: url(https:\/\/www.arden-plast.com\/wp-content\/uploads\/2018\/10\/Arden-Plast-qualit\u00e9-basse-3990.jpg?id=2340) !important;background-position: center !important;background-repeat: no-repeat !important;background-size: cover !important;}&#8220;][vc_column el_class=&#8220;pt-0&#8243;][vc_column_text el_class=&#8220;pt-5 pb-5 mt-5 mb-5 ml-auto mr-auto container blue-filter heavy&#8220; css=&#8220;.vc_custom_1624866892107{margin-top: 10rem !important;margin-bottom: 10rem !important;}&#8220;] Arden Plast \u2013 30&#8230;<\/p>\n","protected":false},"author":2,"featured_media":2829,"parent":0,"menu_order":0,"comment_status":"closed","ping_status":"closed","template":"","meta":{"footnotes":""},"class_list":["post-2982","page","type-page","status-publish","has-post-thumbnail","hentry"],"_links":{"self":[{"href":"https:\/\/www.arden-plast.com\/de\/wp-json\/wp\/v2\/pages\/2982\/"}],"collection":[{"href":"https:\/\/www.arden-plast.com\/de\/wp-json\/wp\/v2\/pages\/"}],"about":[{"href":"https:\/\/www.arden-plast.com\/de\/wp-json\/wp\/v2\/types\/page\/"}],"author":[{"embeddable":true,"href":"https:\/\/www.arden-plast.com\/de\/wp-json\/wp\/v2\/users\/2\/"}],"replies":[{"embeddable":true,"href":"https:\/\/www.arden-plast.com\/de\/wp-json\/wp\/v2\/comments\/?post=2982"}],"version-history":[{"count":7,"href":"https:\/\/www.arden-plast.com\/de\/wp-json\/wp\/v2\/pages\/2982\/revisions\/"}],"predecessor-version":[{"id":3541,"href":"https:\/\/www.arden-plast.com\/de\/wp-json\/wp\/v2\/pages\/2982\/revisions\/3541\/"}],"wp:featuredmedia":[{"embeddable":true,"href":"https:\/\/www.arden-plast.com\/de\/wp-json\/wp\/v2\/media\/2829\/"}],"wp:attachment":[{"href":"https:\/\/www.arden-plast.com\/de\/wp-json\/wp\/v2\/media\/?parent=2982"}],"curies":[{"name":"wp","href":"https:\/\/api.w.org\/{rel}","templated":true}]}}

<p>[vc_row full_width=&#8220;stretch_row_content_no_spaces&#8220; css=&#8220;.vc_custom_1539599869414{background-image: url(https://www.arden-plast.com/wp-content/uploads/2018/10/Arden-Plast-qualité-basse-3990.jpg?id=2340) !important;background-position: center !important;background-repeat: no-repeat !important;background-size: cover !important;}&#8220;][vc_column el_class=&#8220;pt-0&#8243;][vc_column_text el_class=&#8220;pt-5 pb-5 mt-5 mb-5 ml-auto mr-auto container blue-filter heavy&#8220; css=&#8220;.vc_custom_1624866892107{margin-top: 10rem !important;margin-bottom: 10rem !important;}&#8220;]</p>
<h2><span style="color: #ffffff;">Arden Plast – 30 Jahre Erfahrung in <span style="color: #ffc000;">nachhaltigen spezifischen Schutz und Verpackungslösungen</span></span></h2>
<p>[/vc_column_text][/vc_column][/vc_row][vc_row][vc_column][vc_row_inner equal_height=&#8220;yes&#8220; content_placement=&#8220;top&#8220;][vc_column_inner width=&#8220;1/2&#8243;][vc_column_text]<strong>Arden Plast</strong> wurde 1986 in Mouzon (Ardennes), der Wiege der Filzindustrie und der Sommer-Fabriken, gegründet.</p>
<p>Was uns auszeichnet: spezifische Verpackungs- und Schutzlösungen in kleiner und mitterer Serie dank unserer Beherrschung der Extrusion und Umformung von Polypropylen-Hohlkammerplatten (HKP).  Wir stellen   auf der Verpackungsmesse in Paris Villepinte (All4Pack) ohne Unterbrechung aus &#8230; seit 1990.</p>
<p>Wir investieren unaufhörlich, um immer über ein <strong>Spitzen-Industriewerkzeug</strong> zu verfügen, bei jeder unserer Technologien und hinsichtlich der Wiederaufbereitung. Die letzte Erweiterung erstreckte sich auf die in 10.200 m² gebaute Oberfläche.</p>
<p>Als Experte für Extrusion und Umfortung von Polypropylen-Hohlkammerplatten ermöglicht ihm sein nachhaltiges Wachstum, seine Kunden an sich zu binden.</p>
<p>Unsere Organisation, unser Wille zum ständigen Fortschritt, die Einbeziehung unserer Mitarbeiter ermöglichen uns, die <strong>Wendigkeit</strong>, <strong>Reaktionsfähigkeit </strong>und den <strong>hohen Dienstleistungsgrad</strong> aufrechtzuerhalten, die die Treue unserer Kunden und unserer ständiges Wachstum erklären.</p>
<p>Wir sind nach ISO 9001 V. 2015 zertifiziert und zählen zu unseren Direktkunden so unterschiedliche Gruppen wie <strong>PSA/Opel, Renault/Nissan, Toyota, Valeo, Robert Bosch</strong> im Automobilbereich, <strong>GlaxoSmithKline</strong> in der Pharmazie, <strong>L&#8217;Oréal</strong> in der Kosmetik, <strong>ArcelorMittal</strong> in der Metallverarbeitung sowie zahlreiche kleine und mittlere Unternehmen, die Experten auf ihrem Gebiet sind.</p>
<p>Mit seinen Archivierungsprodukten hat Arden Plast auch die Ehre, Kultur- und Verwaltungseinrichtungen wie die <strong>französische Nationalbibliothek und Nationalarchive</strong>, <strong>das Rathaus von Paris</strong>, zahlreiche Départementsarchive und Museen auszustatten. War ArdenPlast im Jahre 2017 <strong>Mäzen des europäischen Kolloquiums EPICO</strong>, das vom <strong>Schloss Versailles</strong> organisiert wird.[/vc_column_text][/vc_column_inner][vc_column_inner width=&#8220;1/2&#8243;][vc_column_text el_class=&#8220;max-150-cs&#8220;]</p>
<div style="display: flex; align-items: center;"><img loading="lazy" decoding="async" class="alignleft wp-image-3310 size-medium" src="https://www.arden-plast.com/wp-content/uploads/2021/06/logo-l-Europe-sengage-en-Champagne-Ardenne.jpg" alt="" width="300" height="210" /><span style="text-transform: none; font-style: italic; color: #313f95; line-height: 1.25rem;">Beitrag von 200 K € zu unserer Extrusionslinie der letzten Generation</span></div>
<p>[/vc_column_text][vc_single_image image=&#8220;2337&#8243; img_size=&#8220;medium&#8220; alignment=&#8220;center&#8220; style=&#8220;vc_box_outline&#8220; border_color=&#8220;orange&#8220;][/vc_column_inner][/vc_row_inner][/vc_column][/vc_row][vc_row][vc_column][/vc_column][/vc_row]</p>

<p>[vc_row full_width=&#8220;stretch_row_content_no_spaces&#8220; css=&#8220;.vc_custom_1539599869414{background-image: url(https://www.arden-plast.com/wp-content/uploads/2018/10/Arden-Plast-qualité-basse-3990.jpg?id=2340) !important;background-position: center !important;background-repeat: no-repeat !important;background-size: cover !important;}&#8220;][vc_column el_class=&#8220;pt-0&#8243;][vc_column_text el_class=&#8220;pt-5 pb-5 mt-5 mb-5 ml-auto mr-auto container blue-filter heavy&#8220; css=&#8220;.vc_custom_1624866892107{margin-top: 10rem !important;margin-bottom: 10rem !important;}&#8220;] Arden Plast – 30&#8230;</p>
